110284?
1
What is the ten thousands digit of 50769?
5
What is the tens digit of 225?
2
What is the thousands digit of 27738?
7
What is the units digit of 24322?
2
What is the ten thousands digit of 14418?
1
What is the hundreds digit of 5396?
3
What is the units digit of 6579?
9
What is the units digit of 2811?
1
What is the tens digit of 341?
4
What is the hundreds digit of 2870?
8
What is the hundreds digit of 5982?
9
What is the thousands digit of 4469?
4
What is the thousands digit of 3382?
3
What is the units digit of 2082?
2
What is the ten thousands digit of 27946?
2
What is the tens digit of 67214?
1
What is the thousands digit of 10596?
0
What is the tens digit of 124?
2
What is the units digit of 483?
3
What is the units digit of 59370?
0
What is the units digit of 8546?
6
What is the hundreds digit of 1294?
2
What is the units digit of 769?
9
What is the tens digit of 34021?
2
What is the thousands digit of 5938?
5
What is the tens digit of 42346?
4
What is the ten thousands digit of 22230?
2
What is the hundreds digit of 21398?
3
What is the hundreds digit of 693?
6
What is the units digit of 3431?
1
What is the tens digit of 7838?
3
What is the units digit of 716?
6
What is the hundreds digit of 14155?
1
What is the units digit of 1881?
1
What is the thousands digit of 2294?
2
What is the thousands digit of 6296?
6
What is the units digit of 574?
4
What is the units digit of 7615?
5
What is the ten thousands digit of 44390?
4
What is the tens digit of 2446?
4
What is the tens digit of 86408?
0
What is the tens digit of 232?
3
What is the units digit of 95?
5
What is the hundreds digit of 2437?
4
What is the tens digit of 110226?
2
What is the units digit of 9142?
2
What is the thousands digit of 41367?
1
What is the units digit of 2845?
5
What is the hundreds digit of 26947?
9
What is the hundreds digit of 2698?
6
What is the tens digit of 2550?
5
What is the units digit of 2913?
3
What is the hundreds digit of 207?
2
What is the hundreds digit of 300?
3
What is the tens digit of 326?
2
What is the ten thousands digit of 40839?
4
What is the hundreds digit of 2682?
6
What is the units digit of 7308?
8
What is the tens digit of 1693?
9
What is the hundreds digit of 9500?
5
What is the thousands digit of 1501?
1
What is the tens digit of 37514?
1
What is the units digit of 950?
0
What is the thousands digit of 5947?
5
What is the thousands digit of 1446?
1
What is the units digit of 1382?
2
What is the thousands digit of 5145?
5
What is the units digit of 2416?
6
What is the hundreds digit of 5175?
1
What is the units digit of 21434?
4
What is the thousands digit of 1935?
1
What is the tens digit of 75639?
3
What is the tens digit of 736?
3
What is the thousands digit of 79858?
9
What is the units digit of 97799?
9
What is the thousands digit of 26439?
6
What is the thousands digit of 1919?
1
What is the hundreds digit of 659?
6
What is the thousands digit of 16846?
6
What is the thousands digit of 3879?
3
What is the hundreds digit of 920?
9
What is the tens digit of 324?
2
What is the thousands digit of 14033?
4
What is the hundreds digit of 22408?
4
What is the hundreds digit of 306?
3
What is the hundreds digit of 1059?
0
What is the thousands digit of 140322?
0
What is the hundreds digit of 8968?
9
What is the thousands digit of 13181?
3
What is the ten thousands digit of 42757?
4
What is the tens digit of 100448?
4
What is the hundreds digit of 53568?
5
What is the thousands digit of 60481?
0
What is the units digit of 28821?
1
What is the tens digit of 134822?
2
What is the units digit of 9476?
6
What is the units digit of 338?
8
What is the hundreds digit of 1531?
5
What is the units digit of 16534?
4
What is the tens digit of 57?
5
What is the thousands digit of 1308?
1
What is the tens digit of 997?
9
What is the units digit of 1735?
5
What is the thousands digit of 1029?
1
What is the hundreds digit of 819?
8
What is the hundreds digit of 2500?
5
What is the hundreds digit of 78596?
5
What is the units digit of 1453?
3
What is the units digit of 5602?
2
What is the ten thousands digit of 77397?
7
What is the hundreds digit of 174168?
1
What is the tens digit of 3245?
4
What is the units digit of 856?
6
What is the hundreds digit of 937?
9
What is the tens digit of 26152?
5
What is the units digit of 2700?
0
What is the units digit of 1163?
3
What is the thousands digit of 4419?
4
What is the hundreds digit of 1315?
3
What is the units digit of 9922?
2
What is the units digit of 9377?
7
What is the tens digit of 411?
1
What is the ten thousands digit of 10886?
1
What is the hundreds digit of 517?
5
What is the thousands digit of 1624?
1
What is the thousands digit of 8934?
8
What is the ten thousands digit of 20530?
2
What is the tens digit of 4162?
6
What is the thousands digit of 49475?
9
What is the units digit of 525?
5
What is the thousands digit of 3338?
3
What is the units digit of 3398?
8
What is the hundreds digit of 5898?
8
What is the units digit of 7258?
8
What is the tens digit of 1079?
7
What is the hundreds digit of 85496?
4
What is the thousands digit of 14538?
4
What is the tens digit of 1078?
7
What is the hundreds digit of 458?
4
What is the tens digit of 14?
1
What is the thousands digit of 3212?
3
What is the tens digit of 8056?
5
What is the units digit of 2667?
7
What is the tens digit of 726?
2
What is the thousands digit of 46626?
6
What is the units digit of 1579?
9
What is the hundreds digit of 26225?
2
What is the thousands digit of 8167?
8
What is the thousands digit of 1862?
1
What is the units digit of 270?
0
What is the tens digit of 3445?
4
What is the units digit of 1771?
1
What is the units digit of 3380?
0
What is the tens digit of 22651?
5
What is the tens digit of 2145?
4
What is the tens digit of 6103?
0
What is the units digit of 635?
5
What is the hundreds digit of 8140?
1
What is the hundreds digit of 1270?
2
What is the hundreds digit of 3339?
3
What is the thousands digit of 20796?
0
What is the thousands digit of 64698?
4
What is the units digit of 1258?
8
What is the tens digit of 461?
6
What is the hundreds digit of 3129?
1
What is the tens digit of 3020?
2
What is the units digit of 15666?
6
What is the tens digit of 834?
3
What is the hundreds digit of 9804?
8
What is the hundreds digit of 22289?
2
What is the hundreds digit of 876?
8
What is the units digit of 50127?
7
What is the units digit of 50116?
6
What is the hundreds digit of 427?
4
What is the ten thousands digit of 37248?
3
What is the hundreds digit of 374?
3
What is the hundreds digit of 400?
4
What is the hundreds digit of 1131?
1
What is the units digit of 1028?
8
What is the tens digit of 6215?
1
What is the hundreds digit of 1243?
2
What is the thousands digit of 18048?
8
What is the hundreds digit of 29594?
5
What is the units digit of 2438?
8
What is the hundreds digit of 458?
4
What is the units digit of 201?
1
What is the units digit of 24680?
0
What is the thousands digit of 58628?
8
What is the ten thousands digit of 52318?
5
What is the tens digit of 51554?
5
What is the units digit of 320?
0
What is the units digit of 50928?
8
What is the thousands digit of 2547?
2
What is the units digit of 13333?
3
What is the thousands digit of 24601?
4
What is the hundreds digit of 792?
7
What is the thousands digit of 24609?
4
What is the thousands digit of 14249?
4
What is the hundreds digit of 9096?
0
What is the units digit of 431?
1
What is the ten thousands digit of 68107?
6
What is the ten thousands digit of 15421?
1
What is the ten thousands digit of 17062?
1
What is the units digit of 887?
7
What is the units digit of 1397?
7
What is the hundreds digit of 2483?
4
What is the hundreds digit of 478?
4
What is the hundreds digit of 5322?
3
What is the units digit of 3?
3
What is the tens digit of 90935?
3
What is the tens digit of 10709?
0
What is the units digit of 556?
6
What is the units digit of 4227?
7
What is the hundreds digit of 935?
9
What is the tens digit of 21014?
1
What is the hundreds digit of 5097?
0
What is the thousands digit of 8193?
8
What is the units digit of 30?
0
What is the units digit of 34945?
5
What is the hundreds digit of 104?
1
What is the hundreds digit of 5156?
1
What is